{"version":"1.0","provider_name":"Krafthand-Truck","provider_url":"https:\/\/www.krafthand.de\/truck","author_name":"elisabeth.mair@krafthand.de","author_url":"https:\/\/www.krafthand.de\/truck\/artikel\/author\/elisabeth-mairkrafthand-de\/","title":"Werkstattzeiten und Auftr\u00e4ge mobil erfassen - Krafthand-Truck","type":"rich","width":600,"height":338,"html":"<blockquote class=\"wp-embedded-content\" data-secret=\"qR0MH502tP\"><a href=\"https:\/\/www.krafthand.de\/truck\/artikel\/werkstattzeiten-und-auftraege-mobil-erfassen-24236\/\">Werkstattzeiten und Auftr\u00e4ge mobil erfassen<\/a><\/blockquote><iframe sandbox=\"allow-scripts\" security=\"restricted\" src=\"https:\/\/www.krafthand.de\/truck\/artikel\/werkstattzeiten-und-auftraege-mobil-erfassen-24236\/embed\/#?secret=qR0MH502tP\" width=\"600\" height=\"338\" title=\"&#8222;Werkstattzeiten und Auftr\u00e4ge mobil erfassen&#8220; &#8211; Krafthand-Truck\" data-secret=\"qR0MH502tP\" frameborder=\"0\" marginwidth=\"0\" marginheight=\"0\" scrolling=\"no\" class=\"wp-embedded-content\"><\/iframe><script type=\"text\/javascript\">\n\/* <![CDATA[ *\/\n\/*! This file is auto-generated *\/\n!function(d,l){\"use strict\";l.querySelector&&d.addEventListener&&\"undefined\"!=typeof URL&&(d.wp=d.wp||{},d.wp.receiveEmbedMessage||(d.wp.receiveEmbedMessage=function(e){var t=e.data;if((t||t.secret||t.message||t.value)&&!\/[^a-zA-Z0-9]\/.test(t.secret)){for(var s,r,n,a=l.querySelectorAll('iframe[data-secret=\"'+t.secret+'\"]'),o=l.querySelectorAll('blockquote[data-secret=\"'+t.secret+'\"]'),c=new RegExp(\"^https?:$\",\"i\"),i=0;i<o.length;i++)o[i].style.display=\"none\";for(i=0;i<a.length;i++)s=a[i],e.source===s.contentWindow&&(s.removeAttribute(\"style\"),\"height\"===t.message?(1e3<(r=parseInt(t.value,10))?r=1e3:~~r<200&&(r=200),s.height=r):\"link\"===t.message&&(r=new URL(s.getAttribute(\"src\")),n=new URL(t.value),c.test(n.protocol))&&n.host===r.host&&l.activeElement===s&&(d.top.location.href=t.value))}},d.addEventListener(\"message\",d.wp.receiveEmbedMessage,!1),l.addEventListener(\"DOMContentLoaded\",function(){for(var e,t,s=l.querySelectorAll(\"iframe.wp-embedded-content\"),r=0;r<s.length;r++)(t=(e=s[r]).getAttribute(\"data-secret\"))||(t=Math.random().toString(36).substring(2,12),e.src+=\"#?secret=\"+t,e.setAttribute(\"data-secret\",t)),e.contentWindow.postMessage({message:\"ready\",secret:t},\"*\")},!1)))}(window,document);\n\/\/# sourceURL=https:\/\/www.krafthand.de\/truck\/wp-includes\/js\/wp-embed.min.js\n\/* ]]> *\/\n<\/script>\n","thumbnail_url":"https:\/\/www.krafthand.de\/truck\/wp-content\/uploads\/2018\/10\/Truck_0318_069.jpg","thumbnail_width":1000,"thumbnail_height":563,"description":"Neue Formen der Mobilit\u00e4t spielen in der Nutzfahrzeugbranche eine wichtige Rolle. Dass Mobilit\u00e4t dabei auch in den Arbeitsabl\u00e4ufen einer Nutzfahrzeug-Werkstatt ihren\u00a0 Platz hat, zeigt der schw\u00e4bische Softwarespezialist Werbas durch zahlreiche neue Bausteine von \u201aWerbas.blue\u2018. Beispielsweise soll sich mit der mobilen L\u00f6sung\u00a0 \u201aWerbas.blue\u2018 k\u00fcnftig auch die Zeiterfassung und die Zuordnung zu den einzelnen\u00a0 Auftr\u00e4gen einfach und ... weiter"}

Werkstattzeiten und Aufträge mobil erfassen - Krafthand-Truck

<blockquote class="wp-embedded-content" data-secret="qR0MH502tP"><a href="https://www.krafthand.de/truck/artikel/werkstattzeiten-und-auftraege-mobil-erfassen-24236/">Werkstattzeiten und Aufträge mobil erfassen</a></blockquote><iframe sandbox="allow-scripts" security="restricted" src="https://www.krafthand.de/truck/artikel/werkstattzeiten-und-auftraege-mobil-erfassen-24236/embed/#?secret=qR0MH502tP" width="600" height="338" title="&#8222;Werkstattzeiten und Aufträge mobil erfassen&#8220; &#8211; Krafthand-Truck" data-secret="qR0MH502tP" frameborder="0" marginwidth="0" marginheight="0" scrolling="no" class="wp-embedded-content"></iframe><script type="text/javascript">
/* <![CDATA[ */
/*! This file is auto-generated */
!function(d,l){"use strict";l.querySelector&&d.addEventListener&&"undefined"!=typeof URL&&(d.wp=d.wp||{},d.wp.receiveEmbedMessage||(d.wp.receiveEmbedMessage=function(e){var t=e.data;if((t||t.secret||t.message||t.value)&&!/[^a-zA-Z0-9]/.test(t.secret)){for(var s,r,n,a=l.querySelectorAll('iframe[data-secret="'+t.secret+'"]'),o=l.querySelectorAll('blockquote[data-secret="'+t.secret+'"]'),c=new RegExp("^https?:$","i"),i=0;i<o.length;i++)o[i].style.display="none";for(i=0;i<a.length;i++)s=a[i],e.source===s.contentWindow&&(s.removeAttribute("style"),"height"===t.message?(1e3<(r=parseInt(t.value,10))?r=1e3:~~r<200&&(r=200),s.height=r):"link"===t.message&&(r=new URL(s.getAttribute("src")),n=new URL(t.value),c.test(n.protocol))&&n.host===r.host&&l.activeElement===s&&(d.top.location.href=t.value))}},d.addEventListener("message",d.wp.receiveEmbedMessage,!1),l.addEventListener("DOMContentLoaded",function(){for(var e,t,s=l.querySelectorAll("iframe.wp-embedded-content"),r=0;r<s.length;r++)(t=(e=s[r]).getAttribute("data-secret"))||(t=Math.random().toString(36).substring(2,12),e.src+="#?secret="+t,e.setAttribute("data-secret",t)),e.contentWindow.postMessage({message:"ready",secret:t},"*")},!1)))}(window,document);
//# sourceURL=https://www.krafthand.de/truck/wp-includes/js/wp-embed.min.js
/* ]]> */
</script>

Neue Formen der Mobilität spielen in der Nutzfahrzeugbranche eine wichtige Rolle. Dass Mobilität dabei auch in den Arbeitsabläufen einer Nutzfahrzeug-Werkstatt ihren  Platz hat, zeigt der schwäbische Softwarespezialist Werbas durch zahlreiche neue Bausteine von ‚Werbas.blue‘. Beispielsweise soll sich mit der mobilen Lösung  ‚Werbas.blue‘ künftig auch die Zeiterfassung und die Zuordnung zu den einzelnen  Aufträgen einfach und ... weiter
