{"version":"1.0","provider_name":"Krafthand-Truck","provider_url":"https:\/\/www.krafthand.de\/truck","author_name":"georg.blenk@krafthand-medien.de","author_url":"https:\/\/www.krafthand.de\/truck\/artikel\/author\/georg-blenkkrafthand-medien-de\/","title":"NUFAM 2021 \u2013 Get things moving! - Krafthand-Truck","type":"rich","width":600,"height":338,"html":"<blockquote class=\"wp-embedded-content\" data-secret=\"4SRl7tPNmP\"><a href=\"https:\/\/www.krafthand.de\/truck\/artikel\/nufam-2021-get-things-moving-29050\/\">NUFAM 2021 \u2013 Get things moving!<\/a><\/blockquote><iframe sandbox=\"allow-scripts\" security=\"restricted\" src=\"https:\/\/www.krafthand.de\/truck\/artikel\/nufam-2021-get-things-moving-29050\/embed\/#?secret=4SRl7tPNmP\" width=\"600\" height=\"338\" title=\"&#8222;NUFAM 2021 \u2013 Get things moving!&#8220; &#8211; Krafthand-Truck\" data-secret=\"4SRl7tPNmP\" frameborder=\"0\" marginwidth=\"0\" marginheight=\"0\" scrolling=\"no\" class=\"wp-embedded-content\"><\/iframe><script type=\"text\/javascript\">\n\/* <![CDATA[ *\/\n\/*! This file is auto-generated *\/\n!function(d,l){\"use strict\";l.querySelector&&d.addEventListener&&\"undefined\"!=typeof URL&&(d.wp=d.wp||{},d.wp.receiveEmbedMessage||(d.wp.receiveEmbedMessage=function(e){var t=e.data;if((t||t.secret||t.message||t.value)&&!\/[^a-zA-Z0-9]\/.test(t.secret)){for(var s,r,n,a=l.querySelectorAll('iframe[data-secret=\"'+t.secret+'\"]'),o=l.querySelectorAll('blockquote[data-secret=\"'+t.secret+'\"]'),c=new RegExp(\"^https?:$\",\"i\"),i=0;i<o.length;i++)o[i].style.display=\"none\";for(i=0;i<a.length;i++)s=a[i],e.source===s.contentWindow&&(s.removeAttribute(\"style\"),\"height\"===t.message?(1e3<(r=parseInt(t.value,10))?r=1e3:~~r<200&&(r=200),s.height=r):\"link\"===t.message&&(r=new URL(s.getAttribute(\"src\")),n=new URL(t.value),c.test(n.protocol))&&n.host===r.host&&l.activeElement===s&&(d.top.location.href=t.value))}},d.addEventListener(\"message\",d.wp.receiveEmbedMessage,!1),l.addEventListener(\"DOMContentLoaded\",function(){for(var e,t,s=l.querySelectorAll(\"iframe.wp-embedded-content\"),r=0;r<s.length;r++)(t=(e=s[r]).getAttribute(\"data-secret\"))||(t=Math.random().toString(36).substring(2,12),e.src+=\"#?secret=\"+t,e.setAttribute(\"data-secret\",t)),e.contentWindow.postMessage({message:\"ready\",secret:t},\"*\")},!1)))}(window,document);\n\/\/# sourceURL=https:\/\/www.krafthand.de\/truck\/wp-includes\/js\/wp-embed.min.js\n\/* ]]> *\/\n<\/script>\n","thumbnail_url":"https:\/\/www.krafthand.de\/truck\/wp-content\/uploads\/2021\/08\/Nufam_Karlsruhe_2021_Krafthand_Truck.jpg","thumbnail_width":1200,"thumbnail_height":649,"description":"Im Herbst 2021 trifft sich die Nutzfahrzeugbranche wieder pers\u00f6nlich. Auf der siebten Nutzfahrzeugmesse NUFAM in Karlsruhe, die vom 30.9. \u2013 3.10.2021 stattfindet, pr\u00e4sentieren laut Veranstalter \u00fcber 350 Aussteller das gesamte Leistungsspektrum der Branche. Die Messe spontan ins Digitale zu verlegen ist f\u00fcr den Veranstalter keine Option. ... weiter"}

Im Herbst 2021 trifft sich die Nutzfahrzeugbranche wieder persönlich. Auf der siebten Nutzfahrzeugmesse NUFAM in Karlsruhe, die vom 30.9. – 3.10.2021 stattfindet, präsentieren laut Veranstalter über 350 Aussteller das gesamte Leistungsspektrum der Branche. Die Messe spontan ins Digitale zu verlegen ist für den Veranstalter keine Option. ... weiter
