{"version":"1.0","provider_name":"Krafthand-Truck","provider_url":"https:\/\/www.krafthand.de\/truck","author_name":"georg.blenk@krafthand-medien.de","author_url":"https:\/\/www.krafthand.de\/truck\/artikel\/author\/georg-blenkkrafthand-medien-de\/","title":"Neue Doppelspitze bei der Paul Group - Krafthand-Truck","type":"rich","width":600,"height":338,"html":"<blockquote class=\"wp-embedded-content\" data-secret=\"qPZeVNMh4H\"><a href=\"https:\/\/www.krafthand.de\/truck\/artikel\/neue-doppelspitze-bei-der-paul-group-35301\/\">Neue Doppelspitze bei der Paul Group<\/a><\/blockquote><iframe sandbox=\"allow-scripts\" security=\"restricted\" src=\"https:\/\/www.krafthand.de\/truck\/artikel\/neue-doppelspitze-bei-der-paul-group-35301\/embed\/#?secret=qPZeVNMh4H\" width=\"600\" height=\"338\" title=\"&#8222;Neue Doppelspitze bei der Paul Group&#8220; &#8211; Krafthand-Truck\" data-secret=\"qPZeVNMh4H\" frameborder=\"0\" marginwidth=\"0\" marginheight=\"0\" scrolling=\"no\" class=\"wp-embedded-content\"><\/iframe><script type=\"text\/javascript\">\n\/* <![CDATA[ *\/\n\/*! This file is auto-generated *\/\n!function(d,l){\"use strict\";l.querySelector&&d.addEventListener&&\"undefined\"!=typeof URL&&(d.wp=d.wp||{},d.wp.receiveEmbedMessage||(d.wp.receiveEmbedMessage=function(e){var t=e.data;if((t||t.secret||t.message||t.value)&&!\/[^a-zA-Z0-9]\/.test(t.secret)){for(var s,r,n,a=l.querySelectorAll('iframe[data-secret=\"'+t.secret+'\"]'),o=l.querySelectorAll('blockquote[data-secret=\"'+t.secret+'\"]'),c=new RegExp(\"^https?:$\",\"i\"),i=0;i<o.length;i++)o[i].style.display=\"none\";for(i=0;i<a.length;i++)s=a[i],e.source===s.contentWindow&&(s.removeAttribute(\"style\"),\"height\"===t.message?(1e3<(r=parseInt(t.value,10))?r=1e3:~~r<200&&(r=200),s.height=r):\"link\"===t.message&&(r=new URL(s.getAttribute(\"src\")),n=new URL(t.value),c.test(n.protocol))&&n.host===r.host&&l.activeElement===s&&(d.top.location.href=t.value))}},d.addEventListener(\"message\",d.wp.receiveEmbedMessage,!1),l.addEventListener(\"DOMContentLoaded\",function(){for(var e,t,s=l.querySelectorAll(\"iframe.wp-embedded-content\"),r=0;r<s.length;r++)(t=(e=s[r]).getAttribute(\"data-secret\"))||(t=Math.random().toString(36).substring(2,12),e.src+=\"#?secret=\"+t,e.setAttribute(\"data-secret\",t)),e.contentWindow.postMessage({message:\"ready\",secret:t},\"*\")},!1)))}(window,document);\n\/\/# sourceURL=https:\/\/www.krafthand.de\/truck\/wp-includes\/js\/wp-embed.min.js\n\/* ]]> *\/\n<\/script>\n","thumbnail_url":"https:\/\/static.krafthand-truck.de\/uploads\/2023\/03\/Paul_Group_Bernhard_Wasner_Andreas_Bartels_Josef_Paul.jpg","thumbnail_width":1200,"thumbnail_height":857,"description":"Der Familienunternehmer und Gesch\u00e4ftsf\u00fchrer Josef Paul hat sich aus dem operativen Gesch\u00e4ft der Paul Group zur\u00fcckgezogen. An der Seite des CEO Bernhard Wasner erweitert ab jetzt Andreas Bartels die Gesch\u00e4ftsf\u00fchrung der Gruppe in der Rolle des CFO. Die Struktur einer Doppelspitze bleibt damit erhalten. ... weiter"}

Der Familienunternehmer und Geschäftsführer Josef Paul hat sich aus dem operativen Geschäft der Paul Group zurückgezogen. An der Seite des CEO Bernhard Wasner erweitert ab jetzt Andreas Bartels die Geschäftsführung der Gruppe in der Rolle des CFO. Die Struktur einer Doppelspitze bleibt damit erhalten. ... weiter
