{"version":"1.0","provider_name":"Krafthand-Truck","provider_url":"https:\/\/www.krafthand.de\/truck","author_name":"elisabeth.mair@krafthand.de","author_url":"https:\/\/www.krafthand.de\/truck\/artikel\/author\/elisabeth-mairkrafthand-de\/","title":"Gesch\u00e4ftsleitung umstrukturiert - Krafthand-Truck","type":"rich","width":600,"height":338,"html":"<blockquote class=\"wp-embedded-content\" data-secret=\"aZbImNnfKE\"><a href=\"https:\/\/www.krafthand.de\/truck\/artikel\/geschaeftsleitung-umstrukturiert-23865\/\">Gesch\u00e4ftsleitung umstrukturiert<\/a><\/blockquote><iframe sandbox=\"allow-scripts\" security=\"restricted\" src=\"https:\/\/www.krafthand.de\/truck\/artikel\/geschaeftsleitung-umstrukturiert-23865\/embed\/#?secret=aZbImNnfKE\" width=\"600\" height=\"338\" title=\"&#8222;Gesch\u00e4ftsleitung umstrukturiert&#8220; &#8211; Krafthand-Truck\" data-secret=\"aZbImNnfKE\" frameborder=\"0\" marginwidth=\"0\" marginheight=\"0\" scrolling=\"no\" class=\"wp-embedded-content\"><\/iframe><script type=\"text\/javascript\">\n\/* <![CDATA[ *\/\n\/*! This file is auto-generated *\/\n!function(d,l){\"use strict\";l.querySelector&&d.addEventListener&&\"undefined\"!=typeof URL&&(d.wp=d.wp||{},d.wp.receiveEmbedMessage||(d.wp.receiveEmbedMessage=function(e){var t=e.data;if((t||t.secret||t.message||t.value)&&!\/[^a-zA-Z0-9]\/.test(t.secret)){for(var s,r,n,a=l.querySelectorAll('iframe[data-secret=\"'+t.secret+'\"]'),o=l.querySelectorAll('blockquote[data-secret=\"'+t.secret+'\"]'),c=new RegExp(\"^https?:$\",\"i\"),i=0;i<o.length;i++)o[i].style.display=\"none\";for(i=0;i<a.length;i++)s=a[i],e.source===s.contentWindow&&(s.removeAttribute(\"style\"),\"height\"===t.message?(1e3<(r=parseInt(t.value,10))?r=1e3:~~r<200&&(r=200),s.height=r):\"link\"===t.message&&(r=new URL(s.getAttribute(\"src\")),n=new URL(t.value),c.test(n.protocol))&&n.host===r.host&&l.activeElement===s&&(d.top.location.href=t.value))}},d.addEventListener(\"message\",d.wp.receiveEmbedMessage,!1),l.addEventListener(\"DOMContentLoaded\",function(){for(var e,t,s=l.querySelectorAll(\"iframe.wp-embedded-content\"),r=0;r<s.length;r++)(t=(e=s[r]).getAttribute(\"data-secret\"))||(t=Math.random().toString(36).substring(2,12),e.src+=\"#?secret=\"+t,e.setAttribute(\"data-secret\",t)),e.contentWindow.postMessage({message:\"ready\",secret:t},\"*\")},!1)))}(window,document);\n\/\/# sourceURL=https:\/\/www.krafthand.de\/truck\/wp-includes\/js\/wp-embed.min.js\n\/* ]]> *\/\n<\/script>\n","thumbnail_url":"https:\/\/www.krafthand.de\/truck\/wp-content\/uploads\/2018\/04\/kht0118_062.jpg","thumbnail_width":800,"thumbnail_height":1200,"description":"Seit 01. M\u00e4rz 2018 hat die Gesch\u00e4ftsleitung von PE Automotive mit Ralf Maurer einen neuen Vorsitzenden. Damit vollzieht das zur BPW-Gruppe geh\u00f6rende Unternehmen nach eigenem Bekunden einen weiteren Schritt, um seinen marktorientierten\u00a0 Ausbau f\u00fcr die kommenden Jahre sicherzustellen und die Ausweitung des Sortiments\u00a0 voranzutreiben. Zus\u00e4tzlich soll Maurer als Gesch\u00e4ftsf\u00fchrer der BPW Aftermarket Group Deutschland GmbH ... weiter"}

Geschäftsleitung umstrukturiert - Krafthand-Truck

<blockquote class="wp-embedded-content" data-secret="aZbImNnfKE"><a href="https://www.krafthand.de/truck/artikel/geschaeftsleitung-umstrukturiert-23865/">Geschäftsleitung umstrukturiert</a></blockquote><iframe sandbox="allow-scripts" security="restricted" src="https://www.krafthand.de/truck/artikel/geschaeftsleitung-umstrukturiert-23865/embed/#?secret=aZbImNnfKE" width="600" height="338" title="&#8222;Geschäftsleitung umstrukturiert&#8220; &#8211; Krafthand-Truck" data-secret="aZbImNnfKE" frameborder="0" marginwidth="0" marginheight="0" scrolling="no" class="wp-embedded-content"></iframe><script type="text/javascript">
/* <![CDATA[ */
/*! This file is auto-generated */
!function(d,l){"use strict";l.querySelector&&d.addEventListener&&"undefined"!=typeof URL&&(d.wp=d.wp||{},d.wp.receiveEmbedMessage||(d.wp.receiveEmbedMessage=function(e){var t=e.data;if((t||t.secret||t.message||t.value)&&!/[^a-zA-Z0-9]/.test(t.secret)){for(var s,r,n,a=l.querySelectorAll('iframe[data-secret="'+t.secret+'"]'),o=l.querySelectorAll('blockquote[data-secret="'+t.secret+'"]'),c=new RegExp("^https?:$","i"),i=0;i<o.length;i++)o[i].style.display="none";for(i=0;i<a.length;i++)s=a[i],e.source===s.contentWindow&&(s.removeAttribute("style"),"height"===t.message?(1e3<(r=parseInt(t.value,10))?r=1e3:~~r<200&&(r=200),s.height=r):"link"===t.message&&(r=new URL(s.getAttribute("src")),n=new URL(t.value),c.test(n.protocol))&&n.host===r.host&&l.activeElement===s&&(d.top.location.href=t.value))}},d.addEventListener("message",d.wp.receiveEmbedMessage,!1),l.addEventListener("DOMContentLoaded",function(){for(var e,t,s=l.querySelectorAll("iframe.wp-embedded-content"),r=0;r<s.length;r++)(t=(e=s[r]).getAttribute("data-secret"))||(t=Math.random().toString(36).substring(2,12),e.src+="#?secret="+t,e.setAttribute("data-secret",t)),e.contentWindow.postMessage({message:"ready",secret:t},"*")},!1)))}(window,document);
//# sourceURL=https://www.krafthand.de/truck/wp-includes/js/wp-embed.min.js
/* ]]> */
</script>

Seit 01. März 2018 hat die Geschäftsleitung von PE Automotive mit Ralf Maurer einen neuen Vorsitzenden. Damit vollzieht das zur BPW-Gruppe gehörende Unternehmen nach eigenem Bekunden einen weiteren Schritt, um seinen marktorientierten  Ausbau für die kommenden Jahre sicherzustellen und die Ausweitung des Sortiments  voranzutreiben. Zusätzlich soll Maurer als Geschäftsführer der BPW Aftermarket Group Deutschland GmbH ... weiter
