{"version":"1.0","provider_name":"Krafthand-Truck","provider_url":"https:\/\/www.krafthand.de\/truck","author_name":"elisabeth.mair@krafthand.de","author_url":"https:\/\/www.krafthand.de\/truck\/artikel\/author\/elisabeth-mairkrafthand-de\/","title":"Kurze R\u00fcstzeit mit der Scherenhebeb\u00fchne der Marke Blitz - Krafthand-Truck","type":"rich","width":600,"height":338,"html":"<blockquote class=\"wp-embedded-content\" data-secret=\"KyR71Poe3X\"><a href=\"https:\/\/www.krafthand.de\/truck\/artikel\/23733-23733\/\">Kurze R\u00fcstzeit mit der Scherenhebeb\u00fchne der Marke Blitz<\/a><\/blockquote><iframe sandbox=\"allow-scripts\" security=\"restricted\" src=\"https:\/\/www.krafthand.de\/truck\/artikel\/23733-23733\/embed\/#?secret=KyR71Poe3X\" width=\"600\" height=\"338\" title=\"&#8222;Kurze R\u00fcstzeit mit der Scherenhebeb\u00fchne der Marke Blitz&#8220; &#8211; Krafthand-Truck\" data-secret=\"KyR71Poe3X\" frameborder=\"0\" marginwidth=\"0\" marginheight=\"0\" scrolling=\"no\" class=\"wp-embedded-content\"><\/iframe><script type=\"text\/javascript\">\n\/* <![CDATA[ *\/\n\/*! This file is auto-generated *\/\n!function(d,l){\"use strict\";l.querySelector&&d.addEventListener&&\"undefined\"!=typeof URL&&(d.wp=d.wp||{},d.wp.receiveEmbedMessage||(d.wp.receiveEmbedMessage=function(e){var t=e.data;if((t||t.secret||t.message||t.value)&&!\/[^a-zA-Z0-9]\/.test(t.secret)){for(var s,r,n,a=l.querySelectorAll('iframe[data-secret=\"'+t.secret+'\"]'),o=l.querySelectorAll('blockquote[data-secret=\"'+t.secret+'\"]'),c=new RegExp(\"^https?:$\",\"i\"),i=0;i<o.length;i++)o[i].style.display=\"none\";for(i=0;i<a.length;i++)s=a[i],e.source===s.contentWindow&&(s.removeAttribute(\"style\"),\"height\"===t.message?(1e3<(r=parseInt(t.value,10))?r=1e3:~~r<200&&(r=200),s.height=r):\"link\"===t.message&&(r=new URL(s.getAttribute(\"src\")),n=new URL(t.value),c.test(n.protocol))&&n.host===r.host&&l.activeElement===s&&(d.top.location.href=t.value))}},d.addEventListener(\"message\",d.wp.receiveEmbedMessage,!1),l.addEventListener(\"DOMContentLoaded\",function(){for(var e,t,s=l.querySelectorAll(\"iframe.wp-embedded-content\"),r=0;r<s.length;r++)(t=(e=s[r]).getAttribute(\"data-secret\"))||(t=Math.random().toString(36).substring(2,12),e.src+=\"#?secret=\"+t,e.setAttribute(\"data-secret\",t)),e.contentWindow.postMessage({message:\"ready\",secret:t},\"*\")},!1)))}(window,document);\n\/\/# sourceURL=https:\/\/www.krafthand.de\/truck\/wp-includes\/js\/wp-embed.min.js\n\/* ]]> *\/\n<\/script>\n","thumbnail_url":"https:\/\/www.krafthand.de\/truck\/wp-content\/uploads\/2018\/02\/kht0417_021.jpg","thumbnail_width":1200,"thumbnail_height":906,"description":"Aufgrund der platzsparenden Anordnung der Hubscheren soll sich der Monteur unter den Auffahrschienen relativ frei bewegen k\u00f6nnen, da es keine st\u00f6renden Scheren, S\u00e4ulen oder Quertr\u00e4ger gibt. Dar\u00fcber hinaus hebt die B\u00fchne den Produktinformationen zufolge \u201eplatzsparend\u201c vertikal, wobei ein elektronisches Gleichlaufsystem die je nach Variante acht bis dreizehn Meter langen Fahrschienen auf ihrem 2.110 Millimeter langen ... weiter"}

Kurze Rüstzeit mit der Scherenhebebühne der Marke Blitz - Krafthand-Truck

<blockquote class="wp-embedded-content" data-secret="KyR71Poe3X"><a href="https://www.krafthand.de/truck/artikel/23733-23733/">Kurze Rüstzeit mit der Scherenhebebühne der Marke Blitz</a></blockquote><iframe sandbox="allow-scripts" security="restricted" src="https://www.krafthand.de/truck/artikel/23733-23733/embed/#?secret=KyR71Poe3X" width="600" height="338" title="&#8222;Kurze Rüstzeit mit der Scherenhebebühne der Marke Blitz&#8220; &#8211; Krafthand-Truck" data-secret="KyR71Poe3X" frameborder="0" marginwidth="0" marginheight="0" scrolling="no" class="wp-embedded-content"></iframe><script type="text/javascript">
/* <![CDATA[ */
/*! This file is auto-generated */
!function(d,l){"use strict";l.querySelector&&d.addEventListener&&"undefined"!=typeof URL&&(d.wp=d.wp||{},d.wp.receiveEmbedMessage||(d.wp.receiveEmbedMessage=function(e){var t=e.data;if((t||t.secret||t.message||t.value)&&!/[^a-zA-Z0-9]/.test(t.secret)){for(var s,r,n,a=l.querySelectorAll('iframe[data-secret="'+t.secret+'"]'),o=l.querySelectorAll('blockquote[data-secret="'+t.secret+'"]'),c=new RegExp("^https?:$","i"),i=0;i<o.length;i++)o[i].style.display="none";for(i=0;i<a.length;i++)s=a[i],e.source===s.contentWindow&&(s.removeAttribute("style"),"height"===t.message?(1e3<(r=parseInt(t.value,10))?r=1e3:~~r<200&&(r=200),s.height=r):"link"===t.message&&(r=new URL(s.getAttribute("src")),n=new URL(t.value),c.test(n.protocol))&&n.host===r.host&&l.activeElement===s&&(d.top.location.href=t.value))}},d.addEventListener("message",d.wp.receiveEmbedMessage,!1),l.addEventListener("DOMContentLoaded",function(){for(var e,t,s=l.querySelectorAll("iframe.wp-embedded-content"),r=0;r<s.length;r++)(t=(e=s[r]).getAttribute("data-secret"))||(t=Math.random().toString(36).substring(2,12),e.src+="#?secret="+t,e.setAttribute("data-secret",t)),e.contentWindow.postMessage({message:"ready",secret:t},"*")},!1)))}(window,document);
//# sourceURL=https://www.krafthand.de/truck/wp-includes/js/wp-embed.min.js
/* ]]> */
</script>

Aufgrund der platzsparenden Anordnung der Hubscheren soll sich der Monteur unter den Auffahrschienen relativ frei bewegen können, da es keine störenden Scheren, Säulen oder Querträger gibt. Darüber hinaus hebt die Bühne den Produktinformationen zufolge „platzsparend“ vertikal, wobei ein elektronisches Gleichlaufsystem die je nach Variante acht bis dreizehn Meter langen Fahrschienen auf ihrem 2.110 Millimeter langen ... weiter
