{"version":"1.0","provider_name":"Krafthand-Truck","provider_url":"https:\/\/www.krafthand.de\/truck","author_name":"elisabeth.mair@krafthand.de","author_url":"https:\/\/www.krafthand.de\/truck\/artikel\/author\/elisabeth-mairkrafthand-de\/","title":"Transportertauglich: Die Auffahrscheren-Hebeb\u00fchne 'SH5000HA' von ATH Heinl - Krafthand-Truck","type":"rich","width":600,"height":338,"html":"<blockquote class=\"wp-embedded-content\" data-secret=\"CaZ1XQa5WE\"><a href=\"https:\/\/www.krafthand.de\/truck\/artikel\/23594-23594\/\">Transportertauglich: Die Auffahrscheren-Hebeb\u00fchne &#8218;SH5000HA&#8216; von ATH Heinl<\/a><\/blockquote><iframe sandbox=\"allow-scripts\" security=\"restricted\" src=\"https:\/\/www.krafthand.de\/truck\/artikel\/23594-23594\/embed\/#?secret=CaZ1XQa5WE\" width=\"600\" height=\"338\" title=\"&#8222;Transportertauglich: Die Auffahrscheren-Hebeb\u00fchne &#8218;SH5000HA&#8216; von ATH Heinl&#8220; &#8211; Krafthand-Truck\" data-secret=\"CaZ1XQa5WE\" frameborder=\"0\" marginwidth=\"0\" marginheight=\"0\" scrolling=\"no\" class=\"wp-embedded-content\"><\/iframe><script type=\"text\/javascript\">\n\/* <![CDATA[ *\/\n\/*! This file is auto-generated *\/\n!function(d,l){\"use strict\";l.querySelector&&d.addEventListener&&\"undefined\"!=typeof URL&&(d.wp=d.wp||{},d.wp.receiveEmbedMessage||(d.wp.receiveEmbedMessage=function(e){var t=e.data;if((t||t.secret||t.message||t.value)&&!\/[^a-zA-Z0-9]\/.test(t.secret)){for(var s,r,n,a=l.querySelectorAll('iframe[data-secret=\"'+t.secret+'\"]'),o=l.querySelectorAll('blockquote[data-secret=\"'+t.secret+'\"]'),c=new RegExp(\"^https?:$\",\"i\"),i=0;i<o.length;i++)o[i].style.display=\"none\";for(i=0;i<a.length;i++)s=a[i],e.source===s.contentWindow&&(s.removeAttribute(\"style\"),\"height\"===t.message?(1e3<(r=parseInt(t.value,10))?r=1e3:~~r<200&&(r=200),s.height=r):\"link\"===t.message&&(r=new URL(s.getAttribute(\"src\")),n=new URL(t.value),c.test(n.protocol))&&n.host===r.host&&l.activeElement===s&&(d.top.location.href=t.value))}},d.addEventListener(\"message\",d.wp.receiveEmbedMessage,!1),l.addEventListener(\"DOMContentLoaded\",function(){for(var e,t,s=l.querySelectorAll(\"iframe.wp-embedded-content\"),r=0;r<s.length;r++)(t=(e=s[r]).getAttribute(\"data-secret\"))||(t=Math.random().toString(36).substring(2,12),e.src+=\"#?secret=\"+t,e.setAttribute(\"data-secret\",t)),e.contentWindow.postMessage({message:\"ready\",secret:t},\"*\")},!1)))}(window,document);\n\/\/# sourceURL=https:\/\/www.krafthand.de\/truck\/wp-includes\/js\/wp-embed.min.js\n\/* ]]> *\/\n<\/script>\n","thumbnail_url":"https:\/\/www.krafthand.de\/truck\/wp-content\/uploads\/2018\/01\/kht0417_014.jpg","thumbnail_width":1200,"thumbnail_height":520,"description":"Aufgrund ihrer modularen Bauweise ist die nach Unternehmensangaben \u201emeist verkaufte Auffahr-Scherenhebeb\u00fchne\u201c sowohl f\u00fcr die Installation auf dem Boden \u2013 mit optionalen Auffahrschienen \u2013 als auch f\u00fcr den bodenebenen Einbau erh\u00e4ltlich. Die B\u00fchne ist ausgestattet mit Aussparungen f\u00fcr Drehplatten vorne und integrierten Schwingplatten hinten. Der integrierte Radfreiheber ist mit einer Tragf\u00e4higkeit von vier Tonnen ebenfalls transportertauglich, ... weiter"}

Transportertauglich: Die Auffahrscheren-Hebebühne 'SH5000HA' von ATH Heinl - Krafthand-Truck

<blockquote class="wp-embedded-content" data-secret="CaZ1XQa5WE"><a href="https://www.krafthand.de/truck/artikel/23594-23594/">Transportertauglich: Die Auffahrscheren-Hebebühne &#8218;SH5000HA&#8216; von ATH Heinl</a></blockquote><iframe sandbox="allow-scripts" security="restricted" src="https://www.krafthand.de/truck/artikel/23594-23594/embed/#?secret=CaZ1XQa5WE" width="600" height="338" title="&#8222;Transportertauglich: Die Auffahrscheren-Hebebühne &#8218;SH5000HA&#8216; von ATH Heinl&#8220; &#8211; Krafthand-Truck" data-secret="CaZ1XQa5WE" frameborder="0" marginwidth="0" marginheight="0" scrolling="no" class="wp-embedded-content"></iframe><script type="text/javascript">
/* <![CDATA[ */
/*! This file is auto-generated */
!function(d,l){"use strict";l.querySelector&&d.addEventListener&&"undefined"!=typeof URL&&(d.wp=d.wp||{},d.wp.receiveEmbedMessage||(d.wp.receiveEmbedMessage=function(e){var t=e.data;if((t||t.secret||t.message||t.value)&&!/[^a-zA-Z0-9]/.test(t.secret)){for(var s,r,n,a=l.querySelectorAll('iframe[data-secret="'+t.secret+'"]'),o=l.querySelectorAll('blockquote[data-secret="'+t.secret+'"]'),c=new RegExp("^https?:$","i"),i=0;i<o.length;i++)o[i].style.display="none";for(i=0;i<a.length;i++)s=a[i],e.source===s.contentWindow&&(s.removeAttribute("style"),"height"===t.message?(1e3<(r=parseInt(t.value,10))?r=1e3:~~r<200&&(r=200),s.height=r):"link"===t.message&&(r=new URL(s.getAttribute("src")),n=new URL(t.value),c.test(n.protocol))&&n.host===r.host&&l.activeElement===s&&(d.top.location.href=t.value))}},d.addEventListener("message",d.wp.receiveEmbedMessage,!1),l.addEventListener("DOMContentLoaded",function(){for(var e,t,s=l.querySelectorAll("iframe.wp-embedded-content"),r=0;r<s.length;r++)(t=(e=s[r]).getAttribute("data-secret"))||(t=Math.random().toString(36).substring(2,12),e.src+="#?secret="+t,e.setAttribute("data-secret",t)),e.contentWindow.postMessage({message:"ready",secret:t},"*")},!1)))}(window,document);
//# sourceURL=https://www.krafthand.de/truck/wp-includes/js/wp-embed.min.js
/* ]]> */
</script>

Aufgrund ihrer modularen Bauweise ist die nach Unternehmensangaben „meist verkaufte Auffahr-Scherenhebebühne“ sowohl für die Installation auf dem Boden – mit optionalen Auffahrschienen – als auch für den bodenebenen Einbau erhältlich. Die Bühne ist ausgestattet mit Aussparungen für Drehplatten vorne und integrierten Schwingplatten hinten. Der integrierte Radfreiheber ist mit einer Tragfähigkeit von vier Tonnen ebenfalls transportertauglich, ... weiter
